i**2 - 10*i - 64. Give a(-3).
-1060
Let s(c) = c**3 - 8*c**2 + 924*c - 8437. Give s(9).
-40
Let b(q) = -2116*q - 10538. Calculate b(-5).
42
Let r(x) = -x**2 + 1806*x - 121504. What is r(70)?
16
Let m(c) = 9*c**3 + 26*c**2 - 394*c - 1125. What is m(-3)?
48
Let y(x) = -5*x**2 - 75*x + 1748. Give y(17).
-972
Let u(b) = 6*b**3 + 1809*b**2 - 873*b + 9923. Determine u(-302).
-43
Let q(x) = 3904*x - 386497. Calculate q(99).
-1
Let a(u) = -10*u**3 - 38*u**2 + 119*u + 456. What is a(-4)?
12
Let r(y) = 20903*y - 20929. Calculate r(1).
-26
Let q(s) = -2*s**2 + 31*s + 165. Determine q(18).
75
Let h(w) = w**3 + 36*w**2 + 4*w - 3989. Calculate h(-32).
-21
Let k(d) = 9*d**2 + 446*d - 1521. Give k(-53).
122
Let t(w) = 1147*w - 60354. Give t(53).
437
Let x(a) = 321*a - 86. What is x(1)?
235
Let v(t) = -2*t**2 - 359*t + 2116. Give v(-185).
81
Let k(s) = 2*s**3 + 46*s**2 + 149*s - 194. What is k(-5)?
-39
Let k(j) = -11481*j - 367463. Give k(-32).
-71
Let t(u) = -13*u**2 - 2418*u + 1558. Calculate t(-187).
-873
Let n(q) = -4*q**3 + 4830*q**2 - 2240*q - 210035. Calculate n(1207).
-17
Let x(w) = 3*w**3 + 246*w**2 + 241*w - 271. What is x(-81)?
-109
Let t(j) = 704*j + 1308. Calculate t(-2).
-100
Let y(h) = 242*h**2 + 2897*h - 55. Determine y(-12).
29
Let c(q) = -4*q**2 + 837*q - 4925. Give c(6).
-47
Let y(b) = 2*b**2 - 5020*b - 40287. Calculate y(-8).
1
Let n(f) = -f**3 + 21*f**2 - 677*f + 12136. Determine n(19).
-5
Let m(r) = -7*r**3 + 275*r**2 + 472*r + 835. What is m(41)?
15
Let z(s) = -125*s**2 + 47553*s + 47555. Determine z(-1).
-123
Let s(p) = p**3 - 25*p**2 + 46*p - 447. Calculate s(24).
81
Let g(i) = 8*i**3 - i**2 - i - 1. Determine g(2).
57
Let h(f) = -7*f**2 - 3443*f + 17899. Give h(-497).
7
Let a(q) = -8865*q + 345815. Calculate a(39).
80
Let c(x) = x**3 - 10*x**2 - 25*x + 92. Give c(11).
-62
Let x(z) = -16*z**3 + 76*z**2 - 269*z - 11. Calculate x(3).
-566
Let f(u) = u**3 + 181*u**2 - 446*u - 324. What is f(3)?
-6
Let a(s) = 44*s**3 + 21*s**2 + 3*s. What is a(-1)?
-26
Let j(g) = -2*g**3 - 52*g**2 + 54*g + 2666. Give j(-25).
66
Let m(j) = -849*j + 24614. Determine m(29).
-7
Let d(l) = -6*l**3 + 55*l**2 - 39*l + 845. What is d(10)?
-45
Let j(t) = t**3 + 135*t**2 + 130*t - 426. Give j(-134).
110
Let u(f) = -17*f**3 - f**2 + 11*f - 14. What is u(-2)?
96
Let f(r) = -128*r - 15377. What is f(-116)?
-529
Let k(z) = z**2 + 728*z - 2182. Calculate k(3).
11
Let s(x) = -22*x**2 - 178*x + 5. Determine s(-9).
-175
Let c(y) = -y**3 + 114*y**2 - 64*y - 4618. Give c(113).
919
Let j(l) = l**3 + 20*l**2 - 259*l + 64. Calculate j(-29).
6
Let q(d) = -8*d**2 + 49*d - 289. Give q(7).
-338
Let z(u) = -7*u - 854. Give z(-143).
147
Let v(q) = 37*q**2 - 28*q - 554. Calculate v(-5).
511
Let x(c) = 28087*c - 2078457. Calculate x(74).
-19
Let a(u) = u**3 + 13*u**2 - 31*u - 362. What is a(-13)?
41
Let i(l) = -365*l + 44429. Determine i(122).
-101
Let y(b) = -619*b - 3428. Give y(-2).
-2190
Let c(d) = d**3 - 2528*d**2 + 22687*d - 120. Determine c(9).
24
Let c(u) = -26*u - 2144. Determine c(-89).
170
Let w(i) = 61*i**3 + 3*i**2 - 7*i + 5. Calculate w(1).
62
Let a(s) = -190*s**2 + 15567*s + 1069. Determine a(82).
3
Let o(x) = -24*x**2 - 553*x - 3680. Calculate o(-11).
-501
Let u(p) = 18*p**2 + 74*p - 534. What is u(-12)?
1170
Let p(h) = 709*h**2 + 890*h + 913. Calculate p(-1).
732
Let a(z) = -z**3 + 121*z**2 - 1089*z - 1319. Give a(11).
12
Let w(k) = 3*k**3 + 50*k**2 - 5776*k + 48. What is w(-53)?
-5
Let z(g) = 32506*g - 390063. What is z(12)?
9
Let l(u) = 224258*u - 20183224. What is l(90)?
-4
Let z(u) = -2*u**3 - 241*u**2 - 111*u + 914. Determine z(-120).
-166
Let l(o) = 321*o**2 + 112347*o - 1071. Give l(-350).
-21
Let h(q) = q**2 - 5371*q + 160247. What is h(30)?
17
Let i(j) = -19*j**2 + 221*j - 122. Give i(12).
-206
Let x(r) = -1858*r + 980999. Calculate x(528).
-25
Let w(s) = s**3 - 369*s**2 + 13430*s + 5897. What is w(328)?
-7
Let m(l) = l**2 + 494428*l - 2966606. Give m(6).
-2
Let h(n) = 2*n**3 + 87*n**2 + 18*n + 2499. Calculate h(-44).
-229
Let t(h) = -282*h**2 + 109788*h + 74879. Give t(390).
-1
Let i(s) = 5133*s + 109257. Determine i(-21).
1464
Let i(x) = 9*x**2 + 5151*x + 25599. Determine i(-5).
69
Let z(s) = 29*s**3 - 519*s**2 - 62*s + 178. Determine z(18).
34
Let b(g) = 2*g**2 + 816*g + 30154. Calculate b(-40).
714
Let p(c) = 57*c**2 - 26528*c + 10703. Determine p(465).
8
Let q(p) = 84*p**2 + 6706*p - 1125. Calculate q(-80).
-5
Let m(h) = -61719*h - 1110949. What is m(-18)?
-7
Let x(o) = 4*o**3 + 15*o**2 - 68*o + 39. Calculate x(3).
78
Let t(j) = 3*j**2 + 1267*j + 6274. Give t(-5).
14
Let f(b) = -b**3 + 772*b**2 + 1016*b - 187833. What is f(773)?
6
Let p(i) = 6123*i - 36938. Give p(6).
-200
Let w(u) = -u**3 - 125*u**2 - 264*u + 6362. Calculate w(6).
62
Let z(k) = k**2 + 39*k + 551. Calculate z(-15).
191
Let p(o) = o**3 - 113*o**2 - 2981*o - 247. Determine p(-22).
-5
Let b(s) = -s**3 - 104*s**2 + 1008*s + 47. Give b(9).
-34
Let r(s) = -s**3 - 2427*s**2 + 9725*s + 4. Determine r(4).
8
Let n(a) = -276*a**3 - 10*a**2 + 13*a - 2. Determine n(1).
-275
Let d(c) = 8*c**3 + 539*c**2 + 158*c - 2896. What is d(-67)?
-15
Let y(x) = -4*x**2 + 2183*x - 10786. Give y(5).
29
Let v(d) = -12576*d**2 + 88027*d + 24. Give v(7).
-11
Let j(l) = -l**3 - 12*l**2 - 22*l - 140. What is j(-12)?
124
Let j(p) = 18*p**2 + 4745*p - 6845. Give j(-265).
-220
Let d(g) = 3*g**2 + 428*g - 3515. Determine d(8).
101
Let f(x) = 68772*x + 618984. Calculate f(-9).
36
Let j(q) = -133231*q + 1332302. Give j(10).
-8
Let b(m) = 2802*m - 266189. Determine b(95).
1
Let z(c) = 27252*c + 9837968. Determine z(-361).
-4
Let s(z) = -z**3 - 21*z**2 - 67*z - 751. Calculate s(-18).
-517
Let x(a) = -336*a**2 + 4053*a - 267. Determine x(12).
-15
Let x(s) = 2*s**3 - 69*s**2 + 244*s + 793. Give x(30).
13
Let a(p) = -5*p**2 - 4164*p + 68840. Give a(-849).
71
Let h(k) = k**3 + 131*k**2 + 2718*k + 402. What is h(-105)?
1662
Let v(o) = 124823*o + 8487976. Determine v(-68).
12
Let v(y) = -7729*y - 53654. Give v(-7).
449
Let u(y) = -y**2 + 307*y - 7160. Calculate u(281).
146
Let z(d) = -2*d**2 + 1180*d + 32043. What is z(616)?
11
Let n(c) = -183*c - 1905. Calculate n(-6).
-807
Let w(q) = -970*q**2 - 5766*q - 7. What is w(-6)?
-331
Let g(f) = -23*f + 10578. Give g(460).
-2
Let y(g) = -2*g**3 - 21*g**2 - 12*g + 127. What is y(-8)?
-97
Let t(c) = -83*c + 866. Calculate t(3).
617
Let o(d) = 1515*d**2 - 19699*d + 61. Determine o(13).
9
Let l(x) = 1521*x + 11586. Calculate l(-8).
-582
Let u(d) = 112049*d - 3249425. Determine u(29).
-4
Let w(k) = k**2 + 362*k - 2445. Calculate w(7).
138
Let p(y) = 4*y**3 - 78*y**2 - 1245*y + 24399. Give p(19).
22
Let g(y) = -372*y**2 - 6320*y - 1. Determine g(-17).
-69
Let s(r) = -6326*r + 417653. Determine s(66).
137
Let s(z) = 2046*z - 18940. Determine s(9).
-526
Let x(n) = -1594*n + 107115. Determine x(67).
317
Let i(a) = 11*a**3 - 29*a**2 - 150*a + 427. What is i(2)?
99
Let w(g) = 1429*g**2 - 44303*g + 530. Calculate w(31).
406
Let l(i) = -552*i + 9872. What is l(18)?
-64
Let u(w) = -63*w**2 + 1901*w + 1580. Give u(31).
-32
Let l(p) = 61*p + 206. Determine l(3).
389
Let k(u) = -36939*u + 332436. Determine k(9).
-15
Let v(l) = 2*l**3 - 1643*l**2 - 10825*l + 50506. Determine v(828).
-2
Let c(p) = -2*p**2 + 283*p - 10047. What is c(71)?
-36
Let q(d) = -d**3 + 125*d**2 + 981*d - 137012. Determine q(124).
8
Let b(s) = -54*s**2 + 4211*s - 49. Calculate b(78).
-127
Let b(t) = -121*t**2 - 130*t - 594. What is b(-5)?
-2969
Let g(d) = 4*d**3 - 1276*d**2 + 2530*d + 1892. Calculate g(317).
-10
Let k(p) = 1249*p**2 + 16248*p + 155. Determine k(-13).
12
Let n(m) = m**3 - 80*m**2 + 70*m + 799. Give n(79).
88
Let q(c) = 8*c**3 + 30*c**2 + 101*c + 49. Calculate q(-3).
-200
Let u(p) = 4*p**3 + 76*p**2 + 17*p + 65. Calculate u(-20).
-1875
Let i(s) = 55*s**2 - 71243*s + 23338. Calculate i(1295).
28
Let u(a) = a**3 + 25*a**2 - 6801*a - 157439. Give u(-23).
42
Let i(s) = -3*s**2 + 6915*s + 152641. Give i(-22).
-941
Let q(o) = 2*o**2 + 6163*o - 331932. Calculate q(53).
325
Let j(q) = 10946*q + 908575. Calculate j(-83).
57
Let k(b) = -2076*b + 18050. Determine k(10).
-2710
Let g(h) = -11*h**3 + 2512*h**2 + 1673*h - 16028. What is g(229)?
2
Let d(c) = 2*c**3 - 85*c**2 - 304*c + 272. Determine d(-4).
0
Let i(d) = -2*d**3 - 139*